{"id":487,"date":"2021-08-31T12:34:56","date_gmt":"2021-08-31T12:34:56","guid":{"rendered":"https:\/\/minimints.fi\/?page_id=487"},"modified":"2024-10-27T19:23:47","modified_gmt":"2024-10-27T19:23:47","slug":"minimints","status":"publish","type":"page","link":"https:\/\/minimints.fi\/?page_id=487","title":{"rendered":"Joukkue"},"content":{"rendered":"\n<figure class=\"wp-block-gallery has-nested-images columns-default is-cropped wp-block-gallery-1 is-layout-flex wp-block-gallery-is-layout-flex\">\n<figure class=\"wp-block-image size-large\"><img loading=\"lazy\" decoding=\"async\" width=\"1024\" height=\"683\" data-id=\"1707\" src=\"https:\/\/minimints.fi\/wp-content\/uploads\/2024\/10\/ML4A2729-2-1024x683.jpg\" alt=\"\" class=\"wp-image-1707\" srcset=\"https:\/\/minimints.fi\/wp-content\/uploads\/2024\/10\/ML4A2729-2-1024x683.jpg 1024w, https:\/\/minimints.fi\/wp-content\/uploads\/2024\/10\/ML4A2729-2-300x200.jpg 300w, https:\/\/minimints.fi\/wp-content\/uploads\/2024\/10\/ML4A2729-2-768x512.jpg 768w, https:\/\/minimints.fi\/wp-content\/uploads\/2024\/10\/ML4A2729-2-1536x1024.jpg 1536w, https:\/\/minimints.fi\/wp-content\/uploads\/2024\/10\/ML4A2729-2-2048x1365.jpg 2048w\" sizes=\"auto, (max-width: 1024px) 100vw, 1024px\" \/><\/figure>\n<\/figure>\n\n\n\n<p><strong>Joukkueessa luistelevat | Skating in the team 2024\u20132025<\/strong><\/p>\n\n\n\n<p>Allaix Emma, Arhinm\u00e4ki Venla, Blomqvist Ellen, Gr\u00f6nholm Isabella, Hautala Vilma, Jaatinen Elle, Kauko Alma, Ker\u00e4nen Linnea, Kohila Ella, Koskenohi Kiia, Koskenranta Aava, Koskinen Ida, Kujala Chariel, Kuosma Kira, Linnakunnas Eveliina, L\u00e4ttil\u00e4 Loviisa, Mandelin Minea, Melkko Iisa, Mets\u00e4-Heikkil\u00e4 Linnea, Mikkola Mona, Poola Evelina, Puumalainen Milja, P\u00e4\u00e4kk\u00f6nen Jessica, R\u00f6nkk\u00f6 Emilia, Sipil\u00e4inen Siiri, Tapanila Helmi, Tuuttila Mea, Ynnil\u00e4 Linnea<\/p>\n\n\n\n<p><strong>Sarja | Category<\/strong>  Minorit, Juveniles<\/p>\n\n\n\n<p><strong>Vapaaohjelma | Free program<\/strong>&nbsp; Ry\u00f6v\u00e4reiden mets\u00e4<\/p>\n\n\n\n<p><strong>Vastuuvalmentaja | Coach<\/strong> Eveliina Tikkinen &amp; Petra Viitanen<\/p>\n\n\n\n<p><strong>Yksil\u00f6taitovalmennus | Single skating skills<\/strong>  Heidi Mehto<\/p>\n\n\n\n<p><strong>Avustavat valmentajat |<\/strong> <strong>Assistant coaches<\/strong>  Milja Suila, Fanny Soukola, Satu Nylund, Melissa L\u00e4hde<\/p>\n\n\n\n<p><strong>Baletti | Ballet <\/strong> Anandah Kononen, Silvia Kononen (sijainen)<\/p>\n\n\n\n<p><strong>Kapteeni | Captain<\/strong>  Venla Arhinm\u00e4ki<\/p>\n\n\n\n<p><strong>Varakapteenit | Assistant captains<\/strong>  Minea Mandelin, Linnea Mets\u00e4-Heikkil\u00e4<\/p>\n\n\n\n<p><strong>Keski-ik\u00e4 |<\/strong> <strong>Average age<\/strong>  11,4<\/p>\n\n\n\n<p><strong>Joukkueenjohtajat | Team managers&nbsp;<\/strong> Karoliina Halmesm\u00e4ki &amp; Tarja P\u00e4\u00e4kk\u00f6nen<\/p>\n\n\n\n<p><strong>Rahastonhoitaja | Treasurer <\/strong> Inka Sar\u00e9n<\/p>\n\n\n\n<p><\/p>\n","protected":false},"excerpt":{"rendered":"<p>Joukkueessa luistelevat | Skating in the team 2024\u20132025 Allaix Emma, Arhinm\u00e4ki Venla, Blomqvist Ellen, Gr\u00f6nholm Isabella, Hautala Vilma, Jaatinen Elle, Kauko Alma, Ker\u00e4nen Linnea, Kohila Ella, Koskenohi Kiia, Koskenranta Aava, Koskinen Ida, Kujala Chariel, Kuosma Kira, Linnakunnas Eveliina, L\u00e4ttil\u00e4 Loviisa, Mandelin Minea, Melkko Iisa, Mets\u00e4-Heikkil\u00e4 Linnea, Mikkola Mona, Poola Evelina, Puumalainen Milja, P\u00e4\u00e4kk\u00f6nen Jessica, R\u00f6nkk\u00f6 [&hellip;]<\/p>\n","protected":false},"author":1,"featured_media":0,"parent":0,"menu_order":5,"comment_status":"closed","ping_status":"closed","template":"","meta":{"footnotes":""},"class_list":["post-487","page","type-page","status-publish","hentry"],"_links":{"self":[{"href":"https:\/\/minimints.fi\/index.php?rest_route=\/wp\/v2\/pages\/487","targetHints":{"allow":["GET"]}}],"collection":[{"href":"https:\/\/minimints.fi\/index.php?rest_route=\/wp\/v2\/pages"}],"about":[{"href":"https:\/\/minimints.fi\/index.php?rest_route=\/wp\/v2\/types\/page"}],"author":[{"embeddable":true,"href":"https:\/\/minimints.fi\/index.php?rest_route=\/wp\/v2\/users\/1"}],"replies":[{"embeddable":true,"href":"https:\/\/minimints.fi\/index.php?rest_route=%2Fwp%2Fv2%2Fcomments&post=487"}],"version-history":[{"count":59,"href":"https:\/\/minimints.fi\/index.php?rest_route=\/wp\/v2\/pages\/487\/revisions"}],"predecessor-version":[{"id":1761,"href":"https:\/\/minimints.fi\/index.php?rest_route=\/wp\/v2\/pages\/487\/revisions\/1761"}],"wp:attachment":[{"href":"https:\/\/minimints.fi\/index.php?rest_route=%2Fwp%2Fv2%2Fmedia&parent=487"}],"curies":[{"name":"wp","href":"https:\/\/api.w.org\/{rel}","templated":true}]}}